(x)?
3, 5
Suppose -3*p = -0*p - 12. Suppose -p*m = m - 40. List the prime factors of m.
2
Let y = -2 - -7. Suppose 2*u + 10 = u + 3*n, y*u - 40 = -3*n. What are the prime factors of u?
5
Suppose -2*t + 10 = -0. Suppose s = 3*r + 10, 4*s + t*r = 2*s - 2. What are the prime factors of s?
2
Let n(q) = -2*q - 5. Let s(v) = 3*v + 9. Let o(r) = 5*n(r) + 3*s(r). What are the prime factors of o(-4)?
2, 3
List the prime factors of (-4)/14 - (-37)/7.
5
Let x be (-3 + 4)*(6 + -2). Suppose -5*n + x*z - 14 = -72, 3*n + 3*z = 51. List the prime factors of n.
2, 7
Suppose 0 = 14*x - 2306 + 38. What are the prime factors of x?
2, 3
Suppose -2*v - 3*v + 380 = 0. What are the prime factors of v?
2, 19
Suppose 8*x - 2559 + 911 = 0. What are the prime factors of x?
2, 103
Suppose 0 = -6*d + 15*d - 2925. List the prime factors of d.
5, 13
Suppose o - 10 = -5*w - 0, 0 = 3*w + 5*o - 6. Suppose 2*u - w = 32. What are the prime factors of u?
17
Let m = -85 - -224. What are the prime factors of m?
139
Let x = -108 + 70. Let t = -20 - x. What are the prime factors of t?
2, 3
Suppose -48 = -o - 3*o. Suppose -3*q + o = -42. What are the prime factors of q?
2, 3
Suppose 9*v - 350 = 4*v. Suppose -v = -7*r + 2*r. What are the prime factors of r?
2, 7
Suppose -4*v + 5*f + 287 + 71 = 0, -90 = -v + f. What are the prime factors of v?
2, 23
List the prime factors of 18 + 3 + -1 + 2.
2, 11
Let f = 140 + -50. Suppose 2*a - f = -0*a. What are the prime factors of a?
3, 5
Suppose -3*n + w + 11 = 2*w, -3*n = 5*w - 7. Suppose -19 = -n*z - 3. What are the prime factors of z?
2
Let l be -1*1/(-1)*3. Let n = 11 - l. List the prime factors of n.
2
Let o = 4 - 3. Let m = -3 + 3. What are the prime factors of (o - m) + (-16)/(-2)?
3
Let v = -129 + 146. List the prime factors of v.
17
Let g be -1 - (-4)/(4/5). Suppose h - 12 = 2*z, 2*z + g = -h - 0. List the prime factors of h.
2
What are the prime factors of (-21)/(-7)*(3 + -2)?
3
Let y(o) = -o**2 + 8 + 4*o**2 - o**3 + 0*o**2 + 3*o**2. What are the prime factors of y(6)?
2
Let j(v) = 2*v**2 - 39*v + 14. List the prime factors of j(21).
7, 11
Let k be (-102)/(-3) - 1*3. Suppose 3*s - o - 44 = 0, 4*o - k + 116 = 5*s. What are the prime factors of s?
13
Let f = -2 - -4. Let u be f + 2 + -2 - 7. Let q(m) = -m**2 - 6*m + 7. What are the prime factors of q(u)?
2, 3
Let d(y) = -y**2 + 10*y + 11. What are the prime factors of d(10)?
11
Suppose 899 + 1286 = 5*q. What are the prime factors of q?
19, 23
Let o = -3 - -6. Let j be -2 + o/(3/5). Suppose d + 4*g + j + 6 = 0, 3*d - 4*g - 21 = 0. What are the prime factors of d?
3
Suppose -2*g + o = -6, g - 3 + 0 = -4*o. Suppose v = -5*h + 23, -g*v - 4*h + 9*h = 11. List the prime factors of v.
3
Let y = 10 + 8. Suppose -2*t - y = -r - 3*t, 0 = t - 1. List the prime factors of r.
17
Let m = 8 + -5. Suppose v = 3*c - 11, -4*v + 0*v - 14 = m*c. List the prime factors of ((-13)/(-4))/(c/8).
13
Suppose -1129 = -4*p + 259. List the prime factors of p.
347
What are the prime factors of ((-352)/20)/(0 + (-2)/10)?
2, 11
Let c be ((-130)/(-8))/(1/4). Suppose 4*x + c = -x. Let n = x + 24. List the prime factors of n.
11
Let x = -6 - 2. Let t = 13 + x. Suppose p + 2*r - 17 = 0, -t = r - 2*r. What are the prime factors of p?
7
Suppose 50 = 2*g + m + m, -4*g = 5*m - 100. Suppose 0 = -4*r - r + g. What are the prime factors of r?
5
Suppose -5*n + 337 = -1413. What are the prime factors of n?
2, 5, 7
Let d = 30 - 20. Suppose -5*a + 5*y = -30, a + 0*a - d = -y. Suppose 0 = a*c - 3*c - 70. What are the prime factors of c?
2, 7
Let z(f) = f**3 + 7*f**2 + 3*f - 8. What are the prime factors of z(-6)?
2, 5
Suppose 5*y - 24 + 4 = 0. Suppose 4*r + y = 0, -3*f + 2*r + 14 = -0*r. Suppose f*l - l = 15. List the prime factors of l.
5
Let n be -5 - (-3)/(3/2). Let f(l) = 2*l**2 + l + 1. What are the prime factors of f(n)?
2
Let x(t) = -11*t. Let n be x(-1). What are the prime factors of 885/33 + 2/n?
3
Suppose -2*g + 5*m - 15 = 0, -5*g - 2 = m + 22. Let f = g - -21. What are the prime factors of f?
2
Let o(v) = -2*v**3 + 2*v**2 - 2*v - 1. Let p(l) = -l**2 - 8*l - 9. Let h be p(-7). What are the prime factors of o(h)?
3
Let c(m) = -m**2 - 8*m - 4. Let k = 12 + 0. Suppose 0*v - 2*v = k. What are the prime factors of c(v)?
2
Let y = 2 - 10. What are the prime factors of 4 + (y/(-2))/2?
2, 3
List the prime factors of (-3 + -27)/(2/(-2)).
2, 3, 5
What are the prime factors of 5/25*5 + 35?
2, 3
Let u(y) = -y**2 + 8*y - 4. Let h be u(6). Suppose -5*d + 2*z - 34 = 5*z, 3*d - 4*z = -32. What are the prime factors of 2/d + 90/h?
11
List the prime factors of (-330)/(-9) - 4/(-12).
37
Suppose 90 = -3*l + 6*l. List the prime factors of l.
2, 3, 5
Suppose 4*d + 5*k = 113, 0*d - 5*k - 76 = -3*d. What are the prime factors of d?
3
Suppose -2*t + 825 = t. List the prime factors of t.
5, 11
Let v be ((-5)/2)/((-2)/20). Suppose 4 = 2*z - 2*q, -4*z + z - 2*q + 16 = 0. Suppose 9*j - v = z*j. What are the prime factors of j?
5
Suppose -294 = -2*l - 38. What are the prime factors of l?
2
Let z = 122 - 86. Suppose 0 = -3*s - 0*m - m + z, -38 = -2*s + 4*m. What are the prime factors of s?
13
Let g(q) = -22*q - 5. Let k be g(-4). Suppose -l + 0*l + 22 = b, 5*b - 4*l - k = 0. List the prime factors of b.
19
Let b = 9 + -9. Suppose -2*z - 4*s + 45 = -13, b = -4*z + 5*s + 116. List the prime factors of z.
29
Let f(k) = 69*k - 106. What are the prime factors of f(6)?
2, 7, 11
Let t = 882 - 563. List the prime factors of t.
11, 29
Suppose 0 = w + 3*w. Let t(q) = -5*q**2 + 4*q**2 + 0*q**2 + 15 - 9*q + 10*q. List the prime factors of t(w).
3, 5
Let a be ((-4)/6)/((-1)/6). Suppose 45 = a*g + g. What are the prime factors of g?
3
Let x(s) = s**2 - 3*s + 7. What are the prime factors of x(6)?
5
Let t(m) = -4*m**3 - m**2 + m + 1. Let o be t(-1). Suppose -3*h + o = -12. List the prime factors of h.
5
Suppose 0 = k + 4, -5*t - 2*k - 19 = -6. What are the prime factors of t - 2*9/(-6)?
2
Let r(x) = 42*x**3 - x - 1. Let k be r(-1). Let f = k - -65. Let p = f + -10. What are the prime factors of p?
13
Suppose 2*t - 8 = 28. What are the prime factors of t?
2, 3
Let a = 20 + -31. Let q(d) = -5*d**3 - 15*d**2 - 26*d + 4. Let s(l) = l**3 + 3*l**2 + 5*l - 1. Let y(i) = a*s(i) - 2*q(i). What are the prime factors of y(-3)?
2, 3
Let o = 3 + -6. Let t(h) = -2*h**2 - h. Let q be t(-1). What are the prime factors of q*(1 + o)*1?
2
Suppose x - 3*x + 42 = 2*k, -5*x = 0. Suppose -5*j = 5, 3*l - 2*j - k - 47 = 0. List the prime factors of l.
2, 11
Suppose -3*x + 2*x - 3*s = 0, -x + 5*s = 8. Let h = x - -6. Suppose -k + 5 = -3*a + h, 0 = -2*a. List the prime factors of k.
2
Let q(x) = x**2 + x - 4. Let m be q(-7). Let w be m*1 + (-4)/2. Suppose w = -0*r + 2*r. List the prime factors of r.
2, 3
Suppose a - 6 = -2*a. Let r = a - -17. What are the prime factors of r?
19
Let m(b) be the third derivative of -b**5/60 - b**4/4 + b**3 - b**2. Suppose -11 + 35 = -4*j. List the prime factors of m(j).
2, 3
Let f = -3 + 16. Let l = f - 8. List the prime factors of 5*l/((-75)/(-6)).
2
Let m = 1 + -2. Let k = m - -3. Suppose -d - 14 = -k*d. What are the prime factors of d?
2, 7
Let k(g) = -g**2 - g + 4. Let l be k(0). Suppose 5*a + l*q = 75, -a + 4*q = -q + 14. List the prime factors of a.
11
Suppose 0 = -n + 3*n + 18. Let c be ((-18)/27)/(2/n). What are the prime factors of ((-63)/(-12))/(c/8)?
2, 7
What are the prime factors of (-1)/(-2 + -2) + 822/8?
103
Let h(v) = 6*v**2 - 10*v - 6. Let c(r) = 7*r**2 - 11*r - 6. Let k(p) = -4*c(p) + 5*h(p). List the prime factors of k(5).
2, 7
Let w(h) = 3*h**2 + 2*h + 1. Let s be w(-3). Suppose 2*p - s = p. What are the prime factors of p?
2, 11
Suppose 0*k + 3*k - 168 = 0. Suppose -3*a - 4*t = -k, 8*t = 3*a + 3*t - 11. What are the prime factors of a?
2, 3
Suppose -42*v + 118 = -40*v. What are the prime factors of v?
59
Suppose -4*u = -3*u - 6. List the prime factors of u/45 - 896/(-30).
2, 3, 5
Let u(h) = -23*h - 1. Let v be u(-2). Suppose 0 = 4*c - 7*c + 9. Suppose v - 11 = c*z - 2*s, 3*s = 5*z - 57. What are the prime factors of z?
2, 3
Let x = 5 + 0. Suppose -x*c = 3*d - 16 - 104, 0 = -5*c + 4*d + 85. List the prime factors of c.
3, 7
Let m be (-2 + 2)*(-2)/(-4). Let g(v) = -4 - v**3 - 6*v - 1 + 7*v**2 + m*v**3. What are the prime factors of g(5)?
3, 5
Le